*n**2 - 10*n + 11. Suppose -l + 3*l - 18 = 0. Let o be m(l). Calculate the remainder when o - 46*4/(-8) is divided by 9.
7
Let j be (-2)/(1 - 3) - 3. Let r(d) = -d**2 - 11*d - 7. Let n be r(-9). Let k = j + n. Calculate the remainder when 16 is divided by k.
7
Suppose 5*g = -2*i + 222 + 344, 5*i - 127 = -g. What is the remainder when g is divided by 52?
8
Suppose -x + 5 = -0. Suppose -3*t = -4*w + 85, x*w - 3*w - 3*t = 35. Calculate the remainder when 73 is divided by w.
23
Suppose 36 = -5*l + 86. Let s be 0/l + (-1)/1. Let m(h) = 14*h**2 - h - 1. Calculate the remainder when 54 is divided by m(s).
12
Let l = -148 - -186. What is the remainder when 70 is divided by l?
32
Let b(p) = -p**2 + 10*p - 3. Let x = 5 - 9. What is the remainder when b(7) is divided by (-30)/x*(-4)/(-3)?
8
Calculate the remainder when 424 is divided by 21385/351 - (-8)/108.
58
Suppose 25 = -5*n, 6*u - 4*n - 82 = 4*u. What is the remainder when 139 is divided by u?
15
Suppose 0 = 339*b - 320*b - 1406. What is the remainder when b is divided by 38?
36
Suppose -3*v + 5 = -1. Suppose 4 = v*s - 2*r, -3*s + 2*r - 1 = -4. Calculate the remainder when 31 is divided by (43 - s)*(-2)/(-8).
9
Let b(p) = 318*p - 4. Let f be b(1). Suppose 4*t + 2*s = f, 0 = t + 3*s + 2*s - 92. Calculate the remainder when t is divided by 20.
17
Let o = -501 - -1066. What is the remainder when o is divided by 8?
5
Suppose -2*d = -3*i - 18 - 8, -i - 32 = -4*d. Suppose -1 = v - 3. Suppose v*s + 32 = 4*f, 5*f + s - 19 = d. Calculate the remainder when f is divided by 3.
0
Let k = 8 + -1. Let v = k + 15. Suppose 4*c = -g + 89, 3*c - 4*c + 6 = 0. What is the remainder when g is divided by v?
21
Let z be (114/12)/((-2)/(-4)). Let p = 30 - z. Let c = 16 - p. What is the remainder when 19 is divided by c?
4
Suppose -2*p - 78 = -4*c + 252, p = -3*c + 240. What is the remainder when c is divided by 41?
40
Let l = 796 + -650. What is the remainder when l is divided by 19?
13
Let c = -840 + 863. Calculate the remainder when 191 is divided by c.
7
Let q(o) = o + 1. Let w be q(3). Suppose -6 = u - w*m, -u + 2 = 3*m - 13. What is the remainder when 10 is divided by u?
4
Let g(d) = -d**2 + 4*d + 33. Calculate the remainder when g(0) is divided by 22.
11
Let m = 30 - 26. Suppose -2*g - 56 = -m*x, 3*x - 4*x - 4*g = -5. Calculate the remainder when 37 is divided by x.
11
Suppose 6*c - 128 = -3*s + c, 5*c - 164 = -4*s. Calculate the remainder when 107 is divided by s.
35
Let o = 543 - 496. Let n be ((-24)/9)/(2/(-12)). Let f = n + -4. Calculate the remainder when o is divided by f.
11
Let o(p) = -76*p**3 - p. Suppose -8 = -2*a - 0*a. Suppose -5*n = -a*n + 1. What is the remainder when o(n) is divided by 20?
17
Suppose -v = -4*m + 15, 2*m - 3 = -0*m - v. Suppose m*j = j + 22. What is the remainder when 28 is divided by j?
6
Let t(d) = -d - 3. Let i be t(-6). Let o be 12*i/(-27)*-3. Suppose -2*m - 65 = -o*c + 3*m, 2*c - m - 37 = 0. What is the remainder when 37 is divided by c?
17
Let w(i) = 3*i**2 - 179*i + 2004. Let d(c) = 2*c**2 + 5*c + 4. Calculate the remainder when w(14) is divided by d(-5).
28
Suppose 3*u + 2*f = 54, u + 2*u - 2*f = 54. Let v = 30 - -2. Let o = 42 - v. What is the remainder when u is divided by o?
8
Suppose -5*g = 5, u - 245 = -2*g + 377. Suppose -12*i - 60 = -u. Calculate the remainder when i is divided by 8.
7
Let b(s) = s**3 + 5*s**2 - 3*s - 2. Suppose -2*f = 3*f + 4*u - 188, -3*f + 3*u = -102. What is the remainder when f is divided by b(-5)?
10
Let d = 26 - 10. Suppose 0 = -i + 14 - 6. Suppose 29 = i*l - 347. What is the remainder when l is divided by d?
15
Suppose -1675 = -15*h + 650. What is the remainder when h is divided by 78?
77
Calculate the remainder when 140 + (25 + -25)/(8/(-2)) is divided by 72.
68
Let t = -676 - -788. Calculate the remainder when 326 is divided by t.
102
Suppose 372 = -67*i + 79*i. Calculate the remainder when 463 is divided by i.
29
Let d = -919 + 941. Calculate the remainder when 197 is divided by d.
21
Suppose 0 = -106*c + 100*c + 162. Calculate the remainder when 107 is divided by c.
26
Let v(t) = -t**2 - 7*t + 26. Let u be v(-10). What is the remainder when -1*(-4)/u + 28 is divided by 8?
3
Let g(k) = -10*k + 237. What is the remainder when g(20) is divided by 8?
5
Suppose 53*t - 56*t + 3*n + 468 = 0, -2*t - 4*n + 330 = 0. What is the remainder when t is divided by 43?
30
Let z be 28/2 + -9 + 10. Let i = z + -8. Calculate the remainder when 3/2 + i/2 is divided by 4.
1
What is the remainder when (1 - (-4 + -2))*2 is divided by (1/(-2)*12)/((-9)/6)?
2
Let b = 56 + -53. Suppose -3*m - j = -22, 27 - 1 = b*m + 5*j. What is the remainder when 27 is divided by m?
6
Suppose 78 = 5*h - 3*h - 4*t, 0 = 2*t. Suppose -4*f = 5*k - 489, 126 = -2*f + 3*f + 2*k. What is the remainder when f is divided by h?
38
Let d(l) = 2*l**3 + 18*l**2 - 27*l - 24. Suppose -18 = -5*k + 2*k. Calculate the remainder when d(2) is divided by k.
4
Suppose -8*s = 202 + 126. Suppose -4 = 4*j, -n + 99 = -0*n + j. Let d = s + n. Calculate the remainder when d is divided by 20.
19
Suppose -5*p + 33 = 3*g - 1, -5*p - 2*g + 36 = 0. Let n(f) = f + 15. Let b be n(-7). What is the remainder when b/(-60) - 664/(-30) is divided by p?
6
Let q = -323 + 351. What is the remainder when (-5004)/(-20) + (-1)/5 is divided by q?
26
What is the remainder when -20*(-1)/5*(11 + 5) is divided by 18?
10
What is the remainder when 54 is divided by 3 + (6 - 9) - -32*1?
22
Let u = 48 - 46. What is the remainder when 29 is divided by 7 + u + -2 - 2?
4
Suppose 13 = t - 3*c, 4*c + 82 = -5*t + 223. Calculate the remainder when 47 is divided by t.
22
Suppose -4*m - a = -53, m = a + a + 11. Let k = m - -26. Calculate the remainder when k is divided by 11.
6
Let c = -188 + 235. Calculate the remainder when 140 is divided by c.
46
Suppose 52*x - 53*x = -3. Suppose 20 = x*s + 11. What is the remainder when 6 is divided by s?
0
Suppose -2*d + 24 = -d. Calculate the remainder when 234/1053 - (2 + (3 - (-4388)/(-18))) is divided by d.
23
Let m(o) = 15*o - 136. What is the remainder when m(16) is divided by 54?
50
Let o(u) = 281*u**2 + 52*u - 50. Calculate the remainder when o(1) is divided by 4.
3
Let x(m) = -m**2 + 18*m + 26. Calculate the remainder when 49 is divided by x(19).
0
Calculate the remainder when (17/(-2) - -1)*(-50868)/405 is divided by 21.
18
Let j(u) = -u**3 - 9*u**2 - 3*u + 2. Suppose -24 = -5*y - 84. Let m = y - -20. Calculate the remainder when j(-9) is divided by m.
5
Suppose 3*y = -y + 448. Let t(u) = 41*u - 387. What is the remainder when y is divided by t(10)?
20
Calculate the remainder when 231 is divided by 9/((-18)/(-94)) - (-2 - -2).
43
Suppose 12 = 2*l - 5*a - 22, -a - 4 = 0. Calculate the remainder when l is divided by 1.
0
Suppose 0 = -5*t - 4*v - v + 440, 0 = 4*t - 2*v - 370. Let y = 131 - t. Suppose -5*d + y = -d. What is the remainder when 29 is divided by d?
9
Suppose -32 + 0 = -8*x. Suppose -2 + 14 = x*v. What is the remainder when 6 is divided by v?
0
Let a(s) = 47*s**2 + 32*s - 67. Calculate the remainder when a(2) is divided by 13.
3
Let j(h) = -h**3 - 7*h**2 - 5*h + 12. Suppose 5*b + 4*u = -50, -u - u = -3*b - 8. What is the remainder when j(b) is divided by 4?
2
Let n = -38 + 53. Suppose 5*t = 2*g + 288, -t - 2*t = 3*g - 156. What is the remainder when t is divided by n?
11
Let c(q) = 2*q**2 - q + 8. Let r be c(-6). Let v = -40 + r. Calculate the remainder when v is divided by 12.
10
Suppose 0 = -4*u - 3*d + 10 + 37, 1 = 2*u - 3*d. Let l(o) = -o**2 + 12*o + 9. Let z(y) = 2*y - 11. What is the remainder when l(u) is divided by z(11)?
8
Let j(z) = -z**3 + 19*z**2 - 30*z - 8. What is the remainder when j(17) is divided by 17?
9
Suppose 0 = -3*a + 4*z + 6, z - 2 + 6 = 2*a. Let l be 2 - (a - -6 - 1). Let i(v) = -4*v + 12. What is the remainder when i(l) is divided by 17?
15
Suppose -523 = -5*h + 5*d + 82, h - 3*d = 113. Suppose -5*k - 3*n = -145, -n + 0*n = -5*k + h. What is the remainder when k is divided by 7?
5
Suppose 148*n - 299 = -4*u + 147*n, 3*u = -4*n + 208. What is the remainder when 604 is divided by u?
72
What is the remainder when 52 is divided by (9/27)/((-3)/(-297))?
19
Let d = -13 - -8. Let w(q) = -2*q + 12. Let c(p) = -p + 8. Let h(t) = d*w(t) + 7*c(t). Calculate the remainder w